{"id":24024,"date":"2025-06-11T09:19:45","date_gmt":"2025-06-11T07:19:45","guid":{"rendered":"https:\/\/drhe.hu\/?post_type=mec-events&#038;p=24024"},"modified":"2025-06-11T09:19:45","modified_gmt":"2025-06-11T07:19:45","slug":"balint-agnes-doktori-disputaja","status":"publish","type":"mec-events","link":"https:\/\/drhe.hu\/en\/esemenyek\/balint-agnes-doktori-disputaja\/","title":{"rendered":"B\u00e1lint \u00c1gnes doktori disput\u00e1ja"},"content":{"rendered":"<p><strong>HIRDETM\u00c9NY<\/strong><\/p>\n<p>A Debreceni Reform\u00e1tus Hittudom\u00e1nyi Egyetem Doktori Tan\u00e1csa nev\u00e9ben meghirdetem<\/p>\n<p><strong>B\u00c1LINT \u00c1GNES<\/strong><br \/>\ndoktorjel\u00f6lt<\/p>\n<p><em>\u201eEdd meg ezt a k\u00f6nyvet \u2013 az olvas\u00e1s mint spiritu\u00e1lis \u00e9s ter\u00e1pi\u00e1s gyakorlat az eg\u00e9szs\u00e9g \u00e9s betegs\u00e9g kontextus\u00e1ban<\/em><br \/>\nc\u00edm\u0171 PhD-\u00e9rtekez\u00e9s\u00e9nek nyilv\u00e1nos vit\u00e1j\u00e1t.<\/p>\n<p><strong>A vita id\u0151pontja: 2025. j\u00fanius 19. (cs\u00fct\u00f6rt\u00f6k) 10.00. \u00f3ra<\/strong><br \/>\n<strong>Helye: Debreceni Reform\u00e1tus Koll\u00e9gium Kistan\u00e1csterme (I. emelet)<\/strong><\/p>\n<p>A Doktori Vizsgabizotts\u00e1g:<\/p>\n<p>Eln\u00f6k:<br \/>\nDr. Hodossy-Tak\u00e1cs El\u0151d (DRHE)<\/p>\n<p>Opponensek:<br \/>\nDr. Kis Kl\u00e1ra (DRHE)<br \/>\nBujdos\u00f3n\u00e9 Dr. Dani Erzs\u00e9bet (DE)<\/p>\n<p>Tagok:<br \/>\nDr. Gonda L\u00e1szl\u00f3 (DRHE)<br \/>\nDr. M\u00e9zes Zsolt (DRHE)<br \/>\nDr. Hodossi S\u00e1ndor (DRHE)<br \/>\nDr. R\u00e1csok Gabriella (SRHE)<\/p>\n<p>T\u00e9mavezet\u0151:<br \/>\nDr. Fazakas S\u00e1ndor (DRHE)<\/p>\n<p><a href=\"https:\/\/doktori.hu\/doktori-vedesek\/31141\/\">ODT link<\/a><\/p>\n<p>&nbsp;<\/p>\n<p>Dr. Hodossy-Tak\u00e1cs El\u0151d<br \/>\negyetemi tan\u00e1r,<br \/>\na Doktori Tan\u00e1cs eln\u00f6ke<\/p>\n","protected":false},"excerpt":{"rendered":"<p>HIRDETM\u00c9NY A Debreceni Reform\u00e1tus Hittudom\u00e1nyi Egyetem Doktori Tan\u00e1csa nev\u00e9ben meghirdetem B\u00c1LINT \u00c1GNES doktorjel\u00f6lt \u201eEdd meg ezt a k\u00f6nyvet \u2013 az<\/p>\n","protected":false},"author":98,"featured_media":0,"comment_status":"closed","ping_status":"closed","template":"","meta":{"_acf_changed":false,"_links_to":"","_links_to_target":""},"tags":[],"mec_category":[],"class_list":["post-24024","mec-events","type-mec-events","status-publish","hentry"],"acf":[],"_links":{"self":[{"href":"https:\/\/drhe.hu\/en\/wp-json\/wp\/v2\/mec-events\/24024","targetHints":{"allow":["GET"]}}],"collection":[{"href":"https:\/\/drhe.hu\/en\/wp-json\/wp\/v2\/mec-events"}],"about":[{"href":"https:\/\/drhe.hu\/en\/wp-json\/wp\/v2\/types\/mec-events"}],"author":[{"embeddable":true,"href":"https:\/\/drhe.hu\/en\/wp-json\/wp\/v2\/users\/98"}],"replies":[{"embeddable":true,"href":"https:\/\/drhe.hu\/en\/wp-json\/wp\/v2\/comments?post=24024"}],"wp:attachment":[{"href":"https:\/\/drhe.hu\/en\/wp-json\/wp\/v2\/media?parent=24024"}],"wp:term":[{"taxonomy":"post_tag","embeddable":true,"href":"https:\/\/drhe.hu\/en\/wp-json\/wp\/v2\/tags?post=24024"},{"taxonomy":"mec_category","embeddable":true,"href":"https:\/\/drhe.hu\/en\/wp-json\/wp\/v2\/mec_category?post=24024"}],"curies":[{"name":"wp","href":"https:\/\/api.w.org\/{rel}","templated":true}]}}

Bálint Ágnes doktori disputája

<p><strong>HIRDETMÉNY</strong></p>
<p>A Debreceni Református Hittudományi Egyetem Doktori Tanácsa nevében meghirdetem</p>
<p><strong>BÁLINT ÁGNES</strong><br />
doktorjelölt</p>
<p><em>„Edd meg ezt a könyvet – az olvasás mint spirituális és terápiás gyakorlat az egészség és betegség kontextusában</em><br />
című PhD-értekezésének nyilvános vitáját.</p>
<p><strong>A vita időpontja: 2025. június 19. (csütörtök) 10.00. óra</strong><br />
<strong>Helye: Debreceni Református Kollégium Kistanácsterme (I. emelet)</strong></p>
<p>A Doktori Vizsgabizottság:</p>
<p>Elnök:<br />
Dr. Hodossy-Takács Előd (DRHE)</p>
<p>Opponensek:<br />
Dr. Kis Klára (DRHE)<br />
Bujdosóné Dr. Dani Erzsébet (DE)</p>
<p>Tagok:<br />
Dr. Gonda László (DRHE)<br />
Dr. Mézes Zsolt (DRHE)<br />
Dr. Hodossi Sándor (DRHE)<br />
Dr. Rácsok Gabriella (SRHE)</p>
<p>Témavezető:<br />
Dr. Fazakas Sándor (DRHE)</p>
<p><a href="https://doktori.hu/doktori-vedesek/31141/">ODT link</a></p>
<p>&nbsp;</p>
<p>Dr. Hodossy-Takács Előd<br />
egyetemi tanár,<br />
a Doktori Tanács elnöke</p>

<p>HIRDETMÉNY A Debreceni Református Hittudományi Egyetem Doktori Tanácsa nevében meghirdetem BÁLINT ÁGNES doktorjelölt „Edd meg ezt a könyvet – az</p>
