{"id":3136,"date":"2021-10-21T09:36:06","date_gmt":"2021-10-21T07:36:06","guid":{"rendered":"http:\/\/new.drhe.hu\/?page_id=3136"},"modified":"2026-03-04T11:40:20","modified_gmt":"2026-03-04T10:40:20","slug":"hatarnapok-orarendek","status":"publish","type":"page","link":"https:\/\/drhe.hu\/en\/hallgatoknak\/tanulmanyi-informaciok\/aktualis-tudnivalok\/hatarnapok-orarendek\/","title":{"rendered":"Hat\u00e1rnapok, \u00f3rarendek"},"content":{"rendered":"<div class=\"wpb-content-wrapper\"><p>[vc_row][vc_column][vc_column_text css=&#8221;&#8221;]<strong>Hat\u00e1rnapok<\/strong><\/p>\n<p><a href=\"https:\/\/drhe.hu\/wp-content\/uploads\/2026\/01\/Hatarnapok_2025-2026-2026_01_26.pdf\" target=\"_blank\" rel=\"noopener\">A Debreceni Reform\u00e1tus Hittudom\u00e1nyi Egyetem f\u0151bb hat\u00e1rnapjai 2025\/2026. tan\u00e9v ( 2026.01.26.)<\/a><\/p>\n<p><strong>\u00d3rarendek<\/strong><\/p>\n<p><strong>2025\/2026-os tan\u00e9v tavaszi<em>\u00a0f\u00e9l\u00e9v<\/em>\u00a0levelez\u0151 \u00e9s esti tagozat<\/strong><\/p>\n<table style=\"width: 83.333%; height: 288px;\" border=\"1\" cellspacing=\"1\" cellpadding=\"1\">\n<tbody>\n<tr style=\"height: 24px;\">\n<td style=\"height: 24px;\"><a href=\"https:\/\/drhe.hu\/wp-content\/uploads\/2026\/03\/KLM-1.pdf\">Katek\u00e9ta-lelkip\u00e1sztori munkat\u00e1rs szak levelez\u0151 tagozat 1. \u00e9vfolyam<\/a><\/td>\n<\/tr>\n<tr style=\"height: 24px;\">\n<td style=\"height: 24px;\"><a href=\"https:\/\/drhe.hu\/wp-content\/uploads\/2026\/03\/KLM-2.pdf\">Katek\u00e9ta-lelkip\u00e1sztori munkat\u00e1rs szak levelez\u0151 tagozat 2. \u00e9vfolyam<\/a><\/td>\n<\/tr>\n<tr style=\"height: 24px;\">\n<td style=\"height: 24px;\"><a href=\"https:\/\/drhe.hu\/wp-content\/uploads\/2026\/03\/KLM-3.pdf\">Katek\u00e9ta-lelkip\u00e1sztori munkat\u00e1rs szak levelez\u0151 tagozat 3. \u00e9vfolyam<\/a><\/td>\n<\/tr>\n<tr style=\"height: 24px;\">\n<td style=\"height: 24px;\">Reform\u00e1tus hit-\u00e9s erk\u00f6lcstanoktat\u00f3 szakir\u00e1ny\u00fa tov\u00e1bbk\u00e9pz\u00e9s 1. \u00e9vfolyam<\/td>\n<\/tr>\n<tr style=\"height: 24px;\">\n<td style=\"height: 24px;\"><a href=\"https:\/\/drhe.hu\/wp-content\/uploads\/2026\/03\/HITSZ.pdf\">Reform\u00e1tus hit-\u00e9s erk\u00f6lcstanoktat\u00f3 szakir\u00e1ny\u00fa tov\u00e1bbk\u00e9pz\u00e9s 2. \u00e9vfolyam<\/a><\/td>\n<\/tr>\n<tr style=\"height: 24px;\">\n<td style=\"height: 24px;\"><a href=\"https:\/\/drhe.hu\/wp-content\/uploads\/2026\/03\/E2-1.pdf\">Osztatlan hittan\u00e1r-nevel\u0151tan\u00e1r k\u00e9pz\u00e9s f\u0151iskolai vagy egyetemi szint\u0171 tan\u00e1ri szakk\u00e9pzetts\u00e9ggel rendelkez\u0151k sz\u00e1m\u00e1ra 1. \u00e9vfolyam<\/a><\/td>\n<\/tr>\n<tr style=\"height: 24px;\">\n<td style=\"height: 24px;\"><a href=\"https:\/\/drhe.hu\/wp-content\/uploads\/2026\/03\/E2-2.pdf\">Osztatlan hittan\u00e1r-nevel\u0151tan\u00e1r k\u00e9pz\u00e9s f\u0151iskolai vagy egyetemi szint\u0171 tan\u00e1ri szakk\u00e9pzetts\u00e9ggel rendelkez\u0151k sz\u00e1m\u00e1ra 2. \u00e9vfolyam<\/a><\/td>\n<\/tr>\n<tr style=\"height: 24px;\">\n<td style=\"height: 24px;\"><a href=\"https:\/\/drhe.hu\/wp-content\/uploads\/2026\/03\/F2-1.pdf\">Osztatlan hittan\u00e1r-nevel\u0151tan\u00e1r levelez\u0151 k\u00e9pz\u00e9s, tan\u00edt\u00f3 v\u00e9gzetts\u00e9g\u0171ek sz\u00e1m\u00e1ra 1. \u00e9vfolyam<\/a><\/td>\n<\/tr>\n<tr style=\"height: 24px;\">\n<td style=\"height: 24px;\"><a href=\"https:\/\/drhe.hu\/wp-content\/uploads\/2026\/03\/D2-1.pdf\">Osztatlan hittan\u00e1r-nevel\u0151tan\u00e1r levelez\u0151 k\u00e9pz\u00e9s, katek\u00e9ta-lelkip\u00e1sztori munkat\u00e1rs v\u00e9gzetts\u00e9g\u0171ek sz\u00e1m\u00e1ra 1. \u00e9vfolyam<\/a><\/td>\n<\/tr>\n<tr style=\"height: 24px;\">\n<td style=\"height: 24px;\"><a href=\"https:\/\/drhe.hu\/wp-content\/uploads\/2026\/03\/D2-2.pdf\">Osztatlan hittan\u00e1r-nevel\u0151tan\u00e1r levelez\u0151 k\u00e9pz\u00e9s, katek\u00e9ta-lelkip\u00e1sztori munkat\u00e1rs v\u00e9gzetts\u00e9g\u0171ek sz\u00e1m\u00e1ra 2. \u00e9vfolyam<\/a><\/td>\n<\/tr>\n<tr style=\"height: 24px;\">\n<td style=\"height: 24px;\"><a href=\"https:\/\/drhe.hu\/wp-content\/uploads\/2026\/03\/C2-1.pdf\">Osztatlan vall\u00e1stan\u00e1r szak lelk\u00e9szeknek<\/a><\/td>\n<\/tr>\n<tr style=\"height: 24px;\">\n<td style=\"height: 24px;\"><a href=\"https:\/\/drhe.hu\/wp-content\/uploads\/2026\/03\/Kantor.pdf\">K\u00e1ntor szak<\/a><\/td>\n<\/tr>\n<\/tbody>\n<\/table>\n<p><strong><br \/>\nTan\u00edt\u00f3 szak esti\/levelez\u0151 tagozat<\/strong><\/p>\n<table style=\"width: 21.5412%; height: 185px;\" border=\"1\" cellspacing=\"1\" cellpadding=\"1\">\n<tbody>\n<tr style=\"height: 24px;\">\n<td style=\"height: 24px; width: 100%;\"><a href=\"https:\/\/drhe.hu\/wp-content\/uploads\/2026\/02\/orarend-tanito-levelezo-I-evf.-2025-26-2.pdf\">Tan\u00edt\u00f3 szak levelez\u0151 tagozat 1. \u00e9vfolyam<\/a><\/td>\n<\/tr>\n<tr style=\"height: 24px;\">\n<td style=\"height: 24px; width: 100%;\"><a href=\"https:\/\/drhe.hu\/wp-content\/uploads\/2026\/02\/orarend-tanito-levelezo-II-evf.-2025-26-2.pdf\">Tan\u00edt\u00f3 szak levelez\u0151 tagozat 2. \u00e9vfolyam<\/a><\/td>\n<\/tr>\n<tr style=\"height: 24px;\">\n<td style=\"height: 24px; width: 100%;\"><a href=\"https:\/\/drhe.hu\/wp-content\/uploads\/2026\/02\/orarend-tanito-levelezo-III-evf.-2025-26-2.pdf\">Tan\u00edt\u00f3 szak levelez\u0151 tagozat 3. \u00e9vfolyam<\/a><\/td>\n<\/tr>\n<tr style=\"height: 24px;\">\n<td style=\"height: 24px; width: 100%;\"><a href=\"https:\/\/drhe.hu\/wp-content\/uploads\/2026\/02\/orarend-tanito-esti-IV-evf.-2025-26-2.pdf\">Tan\u00edt\u00f3 szak esti tagozat 4. \u00e9vfolyam<\/a><\/td>\n<\/tr>\n<tr style=\"height: 24px;\">\n<td style=\"height: 24px; width: 100%;\"><a href=\"https:\/\/drhe.hu\/wp-content\/uploads\/2026\/02\/orarend-levelezo-tanito-szak-kiegeszito-kepzes-2025-26-2-v6.xlsx\">Tan\u00edt\u00f3 levelez\u0151 \u00f3rarend \u00f6sszes\u00edtett<\/a><\/td>\n<\/tr>\n<tr style=\"height: 35px;\">\n<td style=\"height: 35px; width: 100%;\"><a href=\"https:\/\/drhe.hu\/wp-content\/uploads\/2026\/02\/orarend-Matematika-kiegeszito-kepzes-2025-26-2.pdf\">Matematika kieg\u00e9sz\u00edt\u0151 k\u00e9pz\u00e9s<\/a><\/td>\n<\/tr>\n<tr>\n<td style=\"width: 100%;\">Magyar nyelv \u00e9s irodalom kieg\u00e9sz\u00edt\u0151 k\u00e9pz\u00e9s<\/td>\n<\/tr>\n<tr>\n<td style=\"width: 100%;\">Digit\u00e1lis kult\u00fara kieg\u00e9sz\u00edt\u0151 k\u00e9pz\u00e9s<\/td>\n<\/tr>\n<tr>\n<td style=\"width: 100%;\">Testnevel\u00e9s \u00e9s eg\u00e9szs\u00e9gfejleszt\u00e9s kieg\u00e9sz\u00edt\u0151 k\u00e9pz\u00e9s<\/td>\n<\/tr>\n<tr>\n<td style=\"width: 100%;\"><a href=\"https:\/\/drhe.hu\/wp-content\/uploads\/2026\/02\/orarend-Enek-zene-kiegeszito-kepzes-2025-26-2.pdf\">\u00c9nek-zene kieg\u00e9sz\u00edt\u0151 k\u00e9pz\u00e9s<\/a><\/td>\n<\/tr>\n<\/tbody>\n<\/table>\n<p>[\/vc_column_text][\/vc_column][\/vc_row]<\/p>\n<\/div>","protected":false},"excerpt":{"rendered":"<p>[vc_row][vc_column][vc_column_text css=&#8221;&#8221;]Hat\u00e1rnapok A Debreceni Reform\u00e1tus Hittudom\u00e1nyi Egyetem f\u0151bb hat\u00e1rnapjai 2025\/2026. tan\u00e9v ( 2026.01.26.) \u00d3rarendek 2025\/2026-os tan\u00e9v tavaszi\u00a0f\u00e9l\u00e9v\u00a0levelez\u0151 \u00e9s esti tagozat<\/p>\n","protected":false},"author":1,"featured_media":0,"parent":3127,"menu_order":8,"comment_status":"closed","ping_status":"closed","template":"","meta":{"_acf_changed":false,"footnotes":"","_links_to":"","_links_to_target":""},"class_list":["post-3136","page","type-page","status-publish","hentry"],"acf":[],"_links":{"self":[{"href":"https:\/\/drhe.hu\/en\/wp-json\/wp\/v2\/pages\/3136","targetHints":{"allow":["GET"]}}],"collection":[{"href":"https:\/\/drhe.hu\/en\/wp-json\/wp\/v2\/pages"}],"about":[{"href":"https:\/\/drhe.hu\/en\/wp-json\/wp\/v2\/types\/page"}],"author":[{"embeddable":true,"href":"https:\/\/drhe.hu\/en\/wp-json\/wp\/v2\/users\/1"}],"replies":[{"embeddable":true,"href":"https:\/\/drhe.hu\/en\/wp-json\/wp\/v2\/comments?post=3136"}],"version-history":[{"count":188,"href":"https:\/\/drhe.hu\/en\/wp-json\/wp\/v2\/pages\/3136\/revisions"}],"predecessor-version":[{"id":27087,"href":"https:\/\/drhe.hu\/en\/wp-json\/wp\/v2\/pages\/3136\/revisions\/27087"}],"up":[{"embeddable":true,"href":"https:\/\/drhe.hu\/en\/wp-json\/wp\/v2\/pages\/3127"}],"wp:attachment":[{"href":"https:\/\/drhe.hu\/en\/wp-json\/wp\/v2\/media?parent=3136"}],"curies":[{"name":"wp","href":"https:\/\/api.w.org\/{rel}","templated":true}]}}

Határnapok, órarendek

<div class="wpb-content-wrapper"><p>[vc_row][vc_column][vc_column_text css=&#8221;&#8221;]<strong>Határnapok</strong></p>
<p><a href="https://drhe.hu/wp-content/uploads/2026/01/Hatarnapok_2025-2026-2026_01_26.pdf" target="_blank" rel="noopener">A Debreceni Református Hittudományi Egyetem főbb határnapjai 2025/2026. tanév ( 2026.01.26.)</a></p>
<p><strong>Órarendek</strong></p>
<p><strong>2025/2026-os tanév tavaszi<em> félév</em> levelező és esti tagozat</strong></p>
<table style="width: 83.333%; height: 288px;" border="1" cellspacing="1" cellpadding="1">
<tbody>
<tr style="height: 24px;">
<td style="height: 24px;"><a href="https://drhe.hu/wp-content/uploads/2026/03/KLM-1.pdf">Katekéta-lelkipásztori munkatárs szak levelező tagozat 1. évfolyam</a></td>
</tr>
<tr style="height: 24px;">
<td style="height: 24px;"><a href="https://drhe.hu/wp-content/uploads/2026/03/KLM-2.pdf">Katekéta-lelkipásztori munkatárs szak levelező tagozat 2. évfolyam</a></td>
</tr>
<tr style="height: 24px;">
<td style="height: 24px;"><a href="https://drhe.hu/wp-content/uploads/2026/03/KLM-3.pdf">Katekéta-lelkipásztori munkatárs szak levelező tagozat 3. évfolyam</a></td>
</tr>
<tr style="height: 24px;">
<td style="height: 24px;">Református hit-és erkölcstanoktató szakirányú továbbképzés 1. évfolyam</td>
</tr>
<tr style="height: 24px;">
<td style="height: 24px;"><a href="https://drhe.hu/wp-content/uploads/2026/03/HITSZ.pdf">Református hit-és erkölcstanoktató szakirányú továbbképzés 2. évfolyam</a></td>
</tr>
<tr style="height: 24px;">
<td style="height: 24px;"><a href="https://drhe.hu/wp-content/uploads/2026/03/E2-1.pdf">Osztatlan hittanár-nevelőtanár képzés főiskolai vagy egyetemi szintű tanári szakképzettséggel rendelkezők számára 1. évfolyam</a></td>
</tr>
<tr style="height: 24px;">
<td style="height: 24px;"><a href="https://drhe.hu/wp-content/uploads/2026/03/E2-2.pdf">Osztatlan hittanár-nevelőtanár képzés főiskolai vagy egyetemi szintű tanári szakképzettséggel rendelkezők számára 2. évfolyam</a></td>
</tr>
<tr style="height: 24px;">
<td style="height: 24px;"><a href="https://drhe.hu/wp-content/uploads/2026/03/F2-1.pdf">Osztatlan hittanár-nevelőtanár levelező képzés, tanító végzettségűek számára 1. évfolyam</a></td>
</tr>
<tr style="height: 24px;">
<td style="height: 24px;"><a href="https://drhe.hu/wp-content/uploads/2026/03/D2-1.pdf">Osztatlan hittanár-nevelőtanár levelező képzés, katekéta-lelkipásztori munkatárs végzettségűek számára 1. évfolyam</a></td>
</tr>
<tr style="height: 24px;">
<td style="height: 24px;"><a href="https://drhe.hu/wp-content/uploads/2026/03/D2-2.pdf">Osztatlan hittanár-nevelőtanár levelező képzés, katekéta-lelkipásztori munkatárs végzettségűek számára 2. évfolyam</a></td>
</tr>
<tr style="height: 24px;">
<td style="height: 24px;"><a href="https://drhe.hu/wp-content/uploads/2026/03/C2-1.pdf">Osztatlan vallástanár szak lelkészeknek</a></td>
</tr>
<tr style="height: 24px;">
<td style="height: 24px;"><a href="https://drhe.hu/wp-content/uploads/2026/03/Kantor.pdf">Kántor szak</a></td>
</tr>
</tbody>
</table>
<p><strong><br />
Tanító szak esti/levelező tagozat</strong></p>
<table style="width: 21.5412%; height: 185px;" border="1" cellspacing="1" cellpadding="1">
<tbody>
<tr style="height: 24px;">
<td style="height: 24px; width: 100%;"><a href="https://drhe.hu/wp-content/uploads/2026/02/orarend-tanito-levelezo-I-evf.-2025-26-2.pdf">Tanító szak levelező tagozat 1. évfolyam</a></td>
</tr>
<tr style="height: 24px;">
<td style="height: 24px; width: 100%;"><a href="https://drhe.hu/wp-content/uploads/2026/02/orarend-tanito-levelezo-II-evf.-2025-26-2.pdf">Tanító szak levelező tagozat 2. évfolyam</a></td>
</tr>
<tr style="height: 24px;">
<td style="height: 24px; width: 100%;"><a href="https://drhe.hu/wp-content/uploads/2026/02/orarend-tanito-levelezo-III-evf.-2025-26-2.pdf">Tanító szak levelező tagozat 3. évfolyam</a></td>
</tr>
<tr style="height: 24px;">
<td style="height: 24px; width: 100%;"><a href="https://drhe.hu/wp-content/uploads/2026/02/orarend-tanito-esti-IV-evf.-2025-26-2.pdf">Tanító szak esti tagozat 4. évfolyam</a></td>
</tr>
<tr style="height: 24px;">
<td style="height: 24px; width: 100%;"><a href="https://drhe.hu/wp-content/uploads/2026/02/orarend-levelezo-tanito-szak-kiegeszito-kepzes-2025-26-2-v6.xlsx">Tanító levelező órarend összesített</a></td>
</tr>
<tr style="height: 35px;">
<td style="height: 35px; width: 100%;"><a href="https://drhe.hu/wp-content/uploads/2026/02/orarend-Matematika-kiegeszito-kepzes-2025-26-2.pdf">Matematika kiegészítő képzés</a></td>
</tr>
<tr>
<td style="width: 100%;">Magyar nyelv és irodalom kiegészítő képzés</td>
</tr>
<tr>
<td style="width: 100%;">Digitális kultúra kiegészítő képzés</td>
</tr>
<tr>
<td style="width: 100%;">Testnevelés és egészségfejlesztés kiegészítő képzés</td>
</tr>
<tr>
<td style="width: 100%;"><a href="https://drhe.hu/wp-content/uploads/2026/02/orarend-Enek-zene-kiegeszito-kepzes-2025-26-2.pdf">Ének-zene kiegészítő képzés</a></td>
</tr>
</tbody>
</table>
<p>[/vc_column_text][/vc_column][/vc_row]</p>
</div>

<p>[vc_row][vc_column][vc_column_text css=&#8221;&#8221;]Határnapok A Debreceni Református Hittudományi Egyetem főbb határnapjai 2025/2026. tanév ( 2026.01.26.) Órarendek 2025/2026-os tanév tavaszi félév levelező és esti tagozat</p>
